**2 - 83*z + 0*z**2. Determine t(-3).
-5
Let u(o) = -o**2 + 3*o - 4. Let t(s) = s + 3. Let b(g) = 3*g + 7. Let j(a) = -2*b(a) + 5*t(a). Let i be j(-2). Give u(i).
-4
Let y(n) = n - 2*n + 1 + 4*n. Let w(t) = -t**2 + 43*t + 242. Let o be w(48). Determine y(o).
7
Let k(g) = 48*g**2 + 2*g - 43*g**2 - 1 - 4 + 2*g - g**3 - 6*g. Give k(5).
-15
Suppose -3*q - 17 + 8 = 0. Let f(g) = 5 - 2*g - 3 - 42*g**2 + 40*g**2 + 1. Determine f(q).
-9
Let b(f) be the third derivative of f**5/60 + f**3/6 + 153*f**2. Let y = 6 + -4. What is b(y)?
5
Let u(s) = -4*s**2 - 4*s - 2. Suppose -2*g - 2*g + 12 = 0. Suppose -19 = 2*k - 3*w, -2*k - g*w + 11 = -0*w. What is u(k)?
-10
Let f(w) = w**3 + 7*w**2 + 5*w - 1. Let n = 15 - 7. Suppose 17 = -m - 0*r + r, 54 = -3*m + 4*r. Let x = m + n. What is f(x)?
5
Let j be 2 - -1 - (-5 + 6). Let i(p) = p**2 - p. Let d(v) = 2 - 10*v**2 + 8*v**2 + 3*v - 2*v - 1. Let r(q) = -3*d(q) - 7*i(q). Give r(j).
1
Suppose -w + 2 = -1. Let f(b) = b**3 + w + 5*b**2 - 2*b - 6 + 4*b**2 - 2*b**2. Give f(-7).
11
Let x = -93 + 100. Let r(n) = n + 13 + x - 14. Determine r(-6).
0
Let t(z) be the first derivative of -z + 3/2*z**2 - 19 - 1/2*z**4 + 0*z**3. Calculate t(2).
-11
Let a(p) = 6*p + 1. Suppose -6*h - 4 = -2*h, 9 = -4*c - 5*h. Give a(c).
-5
Let d(a) = 1 - 3 + 5*a**2 + 2*a - 4*a**2 + a. Let y = 20 - 10. Let k be ((-12)/(-30))/((-1)/y). Give d(k).
2
Let p(y) be the second derivative of y**5/20 - 5*y**4/4 - 17*y**3/6 + 4*y**2 - 63*y. Calculate p(16).
-8
Let i(w) = -w**3 + 4*w**2 + 6*w - 2. Suppose -2*d = p + 20 - 61, -3*p - 66 = -3*d. Let y = d + -11. Let c be 46/y - 48/(-120). What is i(c)?
3
Let d = -89 - -87. Let j(h) be the first derivative of 2*h**3/3 + h**2/2 - 4*h - 1. Let x(f) be the first derivative of j(f). Give x(d).
-7
Let g(p) = -p**3 - 11*p**2 + 24*p - 17. Let h be (39/12)/((-4)/16). Give g(h).
9
Let j(w) = -w**3 - 7*w**2 + w - 1. Let l be j(-7). Let i(x) = 5*x + 0 + 4 - 3 + 3*x + 1 + x**2. Determine i(l).
2
Suppose v + 50 = -9*v. Let x(j) = -j**2 - 1. Let k(a) = 5*a**2 - 7*a + 6. Let q(r) = -k(r) - 6*x(r). Give q(v).
-10
Let y(n) be the first derivative of -28 - 9/2*n**2 - 8*n - 1/3*n**3. Give y(-7).
6
Let j(p) be the second derivative of -p**5/20 + 7*p**4/12 + 3*p**3/2 - 7*p**2 + 231*p. What is j(8)?
-6
Let i(q) = q**3 - 6*q**2 + 5*q + 3. Suppose 0 = -z - 2*z + 3. Suppose 6*o = 5*o + z. Let k be ((-5)/(-4))/(o/4). Calculate i(k).
3
Let s(m) = 2*m + 15. Suppose -q - r + 5 = 0, 4*r - 33 = -3*q + 7*r. What is s(q)?
31
Let b be 4/((24/10)/6). Let k(d) = -b*d + 10 - 6*d + 15*d. Calculate k(5).
5
Let r(c) = -c**2 + c - 1. Let l be r(1). Let p(z) = -4*z - 1. Let v(u) = 16*u + 7. Let d(m) = -6*p(m) - v(m). Give d(l).
-9
Let a(w) be the second derivative of w**7/2520 + w**6/120 - 11*w**5/120 - 11*w**4/12 - 20*w. Let n(k) be the third derivative of a(k). What is n(-8)?
5
Let b(p) = -3*p + 8. Suppose 16*i - 28 = 2*i. Suppose -4*j - 2*z = -36, 0 = -i*j - 3*z - 3 + 17. Give b(j).
-22
Suppose -s = -4*r + s + 2, -r = -s - 3. Let y = 11 + -6. Let c(b) = b**2 + y*b + 5*b - 12*b. What is c(r)?
8
Let c(g) = -g**2 - 2*g + 5. Suppose 10*b + 1740 = 5*b. Let t be ((-6)/18)/(2/b). Let i be t/(-15) - (-8)/(-60). Give c(i).
-3
Suppose 0 = -2*a + m, 7*m - 6 = a + 5*m. Suppose -6 = -4*g + g. Let n(b) = -g + b + b**2 - 2*b - 2*b**2. What is n(a)?
-8
Suppose 16*k = 18*k - 18. Let f(v) = 6*v + k*v - 7*v. Calculate f(-2).
-16
Let v(d) = -39*d. Let w(m) = -16*m. Let s(h) = -2*v(h) + 5*w(h). Let l be -5*(6/(-5) + 2). Calculate s(l).
8
Suppose -4*k - 5*z = -0*k - 24, -4*k + 4*z - 12 = 0. Let v(d) = 0*d - 3*d + k + d**2 + 4*d. Suppose 0 = -10*o + 12*o + 6. Give v(o).
7
Let r(m) = -m**3 + 8*m**2 - 8*m - 6. Let g be ((-7)/(-2))/(-1 - (-27)/18). Determine r(g).
-13
Let i(u) = u**3 + 7*u**2 - 2*u - 10. Let s(v) = v**3 + 4*v**2 + v - 3. Let c be s(-3). Suppose 68 = 6*q + 8. Suppose c = y + q. What is i(y)?
4
Let d(j) = -6*j - 14*j + 25*j - 7*j. Give d(0).
0
Let f = -25 - -40. Suppose -3*r + f = 6. Let t(k) = -5*k**2 - 4*k + 4*k**2 + k**2 - 1 + 2*k**2. What is t(r)?
5
Let d(v) = v**3 - 9*v**2 + 18*v - 13. Let o be d(7). Let i be -1*(1*13 + 1). Let z = i + o. Let k(p) = -8*p**3 + p. Calculate k(z).
-7
Suppose 5*s + 2*i = 9 - 1, 0 = -s + 4*i + 6. Let v(p) = s*p - p - 6*p + 1. Let w = -24 + 25. Calculate v(w).
-4
Suppose 0 = 11*i + 12 - 1. Let k(a) = -3*a**3 + a**2 + a. Determine k(i).
3
Let l(i) = i**3 - 5*i**2 - 5*i + 2. Let h(y) = y + 1. Let q be h(9). Suppose 4*v - q = 14. What is l(v)?
8
Let k(j) = -j**3 + 2*j**2 + 4*j - 4. Let n be ((4 + -1)/(-3))/(5/(-15)). Give k(n).
-1
Let w(v) = v**3 + 2*v**2 + v - 2. Suppose 3*j + 28 = 6*j - 5*c, 2*j + 4*c = -18. Let n be (3 - 0 - 6)*j. What is w(n)?
-14
Let u(n) = 5*n**2 + 11*n - 3*n - 6 - 4*n**2 + 0*n**2 + 0. What is u(-11)?
27
Let m(f) = -f**2 - 3*f - 3. Let z(q) = -q**3 + 5*q**2 - 3*q - 2. Let j be z(4). Suppose 5*b + 2*c + 22 = 3*b, 22 = -j*b - 5*c. Let s = 9 + b. What is m(s)?
-1
Let b(m) be the second derivative of m**4/12 + 3*m**3/2 + 2*m**2 - 346*m. Calculate b(-9).
4
Let p = 134 - 131. Let l(c) = 4*c - 13. What is l(p)?
-1
Let a(h) = -h**3 - 2*h**2 + 4*h + 5. Let l be a(-2). Let j = -16 + 40. Let o(n) = 25*n**2 + 2 - n + 0*n - j*n**2. Determine o(l).
14
Let a(r) = -3*r + 7. Suppose 0 = 8*v - 5*v - 6. Let o be a(v). Let b(n) = 11*n**2 - n. What is b(o)?
10
Let q(n) = 2*n - 11. Let u = 31 + -28. Let l be q(u). Let k(c) = 2*c + 2. What is k(l)?
-8
Let n = 12 + -14. Let m(c) = -c**2 - 3*c - 3. Let s be m(n). Let t(d) = 4 - 12*d - 2*d**3 - 3 + 11*d - 2. Determine t(s).
2
Let w(l) = -l**2 + 8*l - 9. Suppose -1 = -f + 27. Suppose -2*o = 2*o - f. Give w(o).
-2
Let f(d) be the first derivative of 2*d**3/3 - 19*d**2/2 - 8*d + 326. Determine f(10).
2
Let m = -23 + 24. Let a(j) be the first derivative of j**3 - j**2 + j + 13. What is a(m)?
2
Let q(u) = u - 2. Let i(h) = h**3 + 9*h**2 + 10*h + 7. Let w be i(-8). Let j(n) = -n**2 - 6*n + 28. Let a be j(w). Determine q(a).
-1
Let l = 104 - 100. Suppose -l*z = -40 + 60. Let q(f) = -f**2 - 7. Give q(z).
-32
Let k = 2 + -5. Suppose -t - l + 5 + 1 = 0, -6 = -t - 3*l. Let r(c) = 4*c + 4*c - c**2 - 5*c - t*c - 2. Calculate r(k).
-2
Let u(v) = -v**3 - 4*v**2 - 4*v + 2. Let m be u(-2). Let h(g) = -6*g**m - g - 4 + 5 + 4*g**2 + g**2. Determine h(2).
-5
Suppose 0 = -9*w + 25 - 115. Let v be ((-25)/w)/(3/(-6)). Let r(c) = -c**3 - 4*c**2 + 6*c - 2. Give r(v).
-7
Let o(h) = h**3 - 5*h**2 - 2*h + 2. Let a(p) = p**2 - 8*p + 5. Let w be -2 + -1 + 11 + 2. Let b = w + -2. Let y be a(b). Determine o(y).
-8
Let f(v) = 2*v - 3. Let m be f(-1). Let l(a) = -a**3 - 5*a**2 + 6*a + 5. Give l(m).
-25
Let x(q) = -q + 4. Suppose o - 4*i + 28 = 0, 0 = -o + 3*i - 10 - 13. Let t = -10 + 23. Let k = t + o. Determine x(k).
-1
Suppose -2*y + 9 = -3*d, -2*y + 5 = y + 4*d. Let f = -3 + 3. Suppose x + f = 2*p + 6, 0 = 5*x - p - y. Let m(c) = -c**3 - c**2 + c + 1. Calculate m(x).
1
Let i be 3 - (-1 + (1 - 2)). Let d(j) be the second derivative of -j**4/24 - j**3/3 - 5*j**2/2 + 14*j. Let l(a) be the first derivative of d(a). Calculate l(i).
-7
Let x(k) = 198*k - 432*k + 20 + 221*k - k**2. Give x(-15).
-10
Let i(c) = -6*c + 1. Suppose 15*w - 35 = 10*w. Let u be 6/8 + 0 + w/28. Give i(u).
-5
Let r(h) = h + 5. Let q be r(-5). Let i(x) = 9 - 6520*x + 6521*x - 4 + 7. Calculate i(q).
12
Let q(b) be the third derivative of -b**6/120 - b**5/10 + 7*b**4/12 - 7*b**3/3 - 337*b**2. Determine q(-8).
2
Let y(h) be the third derivative of h**9/60480 + h**8/20160 + h**7/5040 + h**6/80 + 4*h**5/15 + 7*h**2. Let z(u) be the third derivative of y(u). What is z(0)?
9
Let h(p) be the second derivative of p**4/12 - 2*p**3 - p**2/2 - 57*p. What is h(9)?
-28
Let d(t) = -t**2 - 5*t - 10. Suppose -10*o - 12*o = 88. Determine d(o).
-6
Let n(w) = 8. Let r(f) = 7. Let y(d) = 6*n(d) - 7*r(d). Let b(p) = -2*p - 4. Let o(a) = b(a) - 6*y(a). Give o(2).
-2
Let o(a) be the second derivative of -2*a - 1/12*a**4 + 0 - a**2 - 2/3*a**3. Suppose 2 = 2*v - n - n, n = 4*v + 14. Give o(v).
-7
Let j(s) = 3*s**3 + s - 1. Let f be (6/8 + 28/(-80))*40. Let v = 69 - 125. Let p be 9/7 + f/v. Give j(p).
3
Let b(p) = -3*p**2 - p + 2. Suppose 2*z - 3 = 2*i - 13, 3*z = -i - 11. Determine b(i).
-2
Suppose 40 = 346*j - 341*j. Let d(k) = -k**2 + 5*k + 11. Calculate d(j).
-13
Suppos